{"id":8,"date":"2014-05-30T10:25:06","date_gmt":"2014-05-30T08:25:06","guid":{"rendered":"http:\/\/majaigucio.pl\/?page_id=8"},"modified":"2024-06-17T19:55:25","modified_gmt":"2024-06-17T17:55:25","slug":"o-nas-glowna-strona","status":"publish","type":"page","link":"https:\/\/majaigucio.pl\/","title":{"rendered":"O nas strona g\u0142\u00f3wna"},"content":{"rendered":"<h3><strong>Niepubliczne Przedszkole Rekreacyjno &#8211; Sportowe&nbsp;<\/strong><strong>Maja i Gucio<\/strong><\/h3>\n<p><strong><span style=\"color: #ff0000;\">Misj\u0105 przedszkola jest kszta\u0142towanie umys\u0142u i serca dziecka tak,<br \/>\naby sta\u0142o si\u0119 ono dobrym i tw\u00f3rczym cz\u0142owiekiem.<\/span><br \/>\n<\/strong><br \/>\n<strong>Wychowujemy<\/strong>, czyli pomagamy poszukiwa\u0107 i odkrywa\u0107 warto\u015bci.<br \/>\n<strong>Uczymy<\/strong>, czyli rozwijamy r\u00f3\u017cne umiej\u0119tno\u015bci i odkrywamy przed dzieckiem \u015bwiat.<br \/>\n<strong>Dbam<\/strong>y o radosne i szcz\u0119\u015bliwe dzieci\u0144stwo.<\/p>\n","protected":false},"excerpt":{"rendered":"<p>Niepubliczne Przedszkole Rekreacyjno &#8211; Sportowe&nbsp;Maja i Gucio Misj\u0105 przedszkola jest kszta\u0142towanie umys\u0142u i serca dziecka tak, aby sta\u0142o si\u0119 ono dobrym i tw\u00f3rczym cz\u0142owiekiem. Wychowujemy, czyli pomagamy poszukiwa\u0107 i odkrywa\u0107 warto\u015bci. Uczymy, czyli rozwijamy r\u00f3\u017cne umiej\u0119tno\u015bci i odkrywamy przed dzieckiem &hellip; <\/p>\n","protected":false},"author":1,"featured_media":0,"parent":0,"menu_order":0,"comment_status":"closed","ping_status":"closed","template":"","meta":{"_mi_skip_tracking":false},"_links":{"self":[{"href":"https:\/\/majaigucio.pl\/index.php\/wp-json\/wp\/v2\/pages\/8"}],"collection":[{"href":"https:\/\/majaigucio.pl\/index.php\/wp-json\/wp\/v2\/pages"}],"about":[{"href":"https:\/\/majaigucio.pl\/index.php\/wp-json\/wp\/v2\/types\/page"}],"author":[{"embeddable":true,"href":"https:\/\/majaigucio.pl\/index.php\/wp-json\/wp\/v2\/users\/1"}],"replies":[{"embeddable":true,"href":"https:\/\/majaigucio.pl\/index.php\/wp-json\/wp\/v2\/comments?post=8"}],"version-history":[{"count":7,"href":"https:\/\/majaigucio.pl\/index.php\/wp-json\/wp\/v2\/pages\/8\/revisions"}],"predecessor-version":[{"id":1921,"href":"https:\/\/majaigucio.pl\/index.php\/wp-json\/wp\/v2\/pages\/8\/revisions\/1921"}],"wp:attachment":[{"href":"https:\/\/majaigucio.pl\/index.php\/wp-json\/wp\/v2\/media?parent=8"}],"curies":[{"name":"wp","href":"https:\/\/api.w.org\/{rel}","templated":true}]}}