{"id":1691,"date":"2022-05-04T21:20:37","date_gmt":"2022-05-04T19:20:37","guid":{"rendered":"http:\/\/majaigucio.pl\/?page_id=1691"},"modified":"2026-02-04T20:26:21","modified_gmt":"2026-02-04T19:26:21","slug":"plan-dnia","status":"publish","type":"page","link":"https:\/\/majaigucio.pl\/index.php\/plan-dnia\/","title":{"rendered":"Plan dnia"},"content":{"rendered":"\n<figure class=\"wp-block-table\"><table><tbody><tr><td>06:30&nbsp;&#8211;&nbsp;07:45<\/td><td>Zabawy dowolne wed\u0142ug indywidualnych zainteresowa\u0144: manipulacyjne, konstrukcyjne, tematyczne, poranne \u0107wiczenia.<\/td><\/tr><tr><td>07:45 &#8211; 08:15<\/td><td>Indywidualne wspomaganie i korygowanie rozwoju, praca z dzieckiem zdolnym, zabawy dowolne.<\/td><\/tr><tr><td>08:15 &#8211; 08:30<\/td><td>Przygotowanie do \u015bniadania: czynno\u015bci higieniczno \u2013 porz\u0105dkowe<strong>.<\/strong><\/td><\/tr><tr><td>0<strong>8:30&nbsp;&#8211;&nbsp;09:00<\/strong><\/td><td><strong> \u015aniadanie<\/strong><\/td><\/tr><tr><td>09:00 &#8211; 10:30<\/td><td>Zaj\u0119cia dydaktyczne prowadzone w grupach. Czas zaj\u0119\u0107 dostosowany do grupy wiekowej.<\/td><\/tr><tr><td><strong>10:30 &#8211; 10:45<\/strong><\/td><td><strong>Drugie \u015bniadanie <\/strong>\u2013 Talerz owoc\u00f3w.<\/td><\/tr><tr><td>10:45 &#8211; 12:15<\/td><td>Zaj\u0119cia dodatkowe, j\u0119zykowe, sportowe, taneczne, spacer, zabawy, obserwacje przyrodnicze.<\/td><\/tr><tr><td>12:15 &#8211; 12:30<\/td><td>Czynno\u015bci higieniczno \u2013 porz\u0105dkowe<strong>.<\/strong><\/td><\/tr><tr><td><strong>12:30&nbsp;&#8211;&nbsp;13:00<\/strong><\/td><td><strong>Pyszny obiadek<\/strong><\/td><\/tr><tr><td>13:00 &#8211; 14:00<\/td><td>Odpoczynek po obiedzie: bajkoterapia, \u0107wiczenia relaksacyjne, joga dla dzieci, le\u017cakowanie dla maluch\u00f3w.<\/td><\/tr><tr><td>14:00 &#8211; 14:45<\/td><td>Kontynuacja zaj\u0119\u0107 edukacyjnych, zabawy ruchowe.<\/td><\/tr><tr><td>14:45 &#8211; 15:15<\/td><td>Czynno\u015bci higieniczno \u2013 porz\u0105dkowe.<\/td><\/tr><tr><td><strong>15:15&nbsp;&#8211; 15:30<\/strong><\/td><td><strong>Podwieczorek<\/strong><\/td><\/tr><tr><td>15:30 &#8211; 16:00<\/td><td>Zabawy i gry sportowe, zabawy muzyczne i plastyczne; indywidualne wspomaganie rozwoju, praca z dzieckiem zdolnym.<\/td><\/tr><tr><td>16:00&nbsp;&#8211;&nbsp;17:30<\/td><td>Zabawy dowolne wed\u0142ug indywidualnych zainteresowa\u0144: manipulacyjne, konstrukcyjne, tematyczne.<\/td><\/tr><\/tbody><\/table><\/figure>\n","protected":false},"excerpt":{"rendered":"<p>06:30&nbsp;&#8211;&nbsp;07:45 Zabawy dowolne wed\u0142ug indywidualnych zainteresowa\u0144: manipulacyjne, konstrukcyjne, tematyczne, poranne \u0107wiczenia. 07:45 &#8211; 08:15 Indywidualne wspomaganie i korygowanie rozwoju, praca z dzieckiem zdolnym, zabawy dowolne. 08:15 &#8211; 08:30 Przygotowanie do \u015bniadania: czynno\u015bci higieniczno \u2013 porz\u0105dkowe. 08:30&nbsp;&#8211;&nbsp;09:00 \u015aniadanie 09:00 &#8211; 10:30 &hellip; <\/p>\n","protected":false},"author":1,"featured_media":0,"parent":0,"menu_order":0,"comment_status":"closed","ping_status":"closed","template":"","meta":{"_mi_skip_tracking":false},"_links":{"self":[{"href":"https:\/\/majaigucio.pl\/index.php\/wp-json\/wp\/v2\/pages\/1691"}],"collection":[{"href":"https:\/\/majaigucio.pl\/index.php\/wp-json\/wp\/v2\/pages"}],"about":[{"href":"https:\/\/majaigucio.pl\/index.php\/wp-json\/wp\/v2\/types\/page"}],"author":[{"embeddable":true,"href":"https:\/\/majaigucio.pl\/index.php\/wp-json\/wp\/v2\/users\/1"}],"replies":[{"embeddable":true,"href":"https:\/\/majaigucio.pl\/index.php\/wp-json\/wp\/v2\/comments?post=1691"}],"version-history":[{"count":5,"href":"https:\/\/majaigucio.pl\/index.php\/wp-json\/wp\/v2\/pages\/1691\/revisions"}],"predecessor-version":[{"id":1945,"href":"https:\/\/majaigucio.pl\/index.php\/wp-json\/wp\/v2\/pages\/1691\/revisions\/1945"}],"wp:attachment":[{"href":"https:\/\/majaigucio.pl\/index.php\/wp-json\/wp\/v2\/media?parent=1691"}],"curies":[{"name":"wp","href":"https:\/\/api.w.org\/{rel}","templated":true}]}}