{"id":1660,"date":"2022-05-02T22:23:16","date_gmt":"2022-05-02T20:23:16","guid":{"rendered":"https:\/\/majaigucio.pl\/?page_id=1660"},"modified":"2025-08-08T17:45:54","modified_gmt":"2025-08-08T15:45:54","slug":"rekrutacja-mieczykowa","status":"publish","type":"page","link":"https:\/\/majaigucio.pl\/index.php\/mieczykowa\/rekrutacja-mieczykowa\/","title":{"rendered":"Rekrutacja Mieczykowa"},"content":{"rendered":"\n<h3>Zasady rekrutacji<\/h3>\n\n\n\n<ol><li>Przedszkole przeprowadza rekrutacj\u0119 w oparciu o zasad\u0119 powszechnej dost\u0119pno\u015bci.<\/li><li>O przyj\u0119ciu do przedszkola decyduje kolejno\u015b\u0107 z\u0142o\u017conych <strong>KART ZG\u0141OSZE\u0143,<\/strong><br>kt\u00f3re mo\u017cna pobra\u0107 w poni\u017cszym za\u0142\u0105czniku lub osobi\u015bcie w przedszkolu.<\/li><li>Podstaw\u0105 przyj\u0119cia dziecka do przedszkola jest uko\u0144czone 2,5 lat, podpisanie umowy <br>o przeprowadzenie nauczania dziecka i wp\u0142ata wpisowego.<\/li><li>Dzieci mog\u0105 by\u0107 przyjmowane w ci\u0105gu roku szkolnego, je\u017celi przedszkole dysponuje wolnymi miejscami.<\/li><\/ol>\n\n\n\n<div class=\"wp-block-file\"><a id=\"wp-block-file--media-9d31a46e-5323-443e-97fe-35d584a66251\" href=\"http:\/\/majaigucio.pl\/wp-content\/uploads\/2023\/02\/Karta-zgloszenia-dziecka-do-przedszkola-Mieczykowa-30.doc\">Karta-zgloszenia-dziecka-do-przedszkola-Mieczykowa-30<\/a><\/div>\n\n\n\n<h3>Wyprawka przedszkolaka:<\/h3>\n\n\n\n<ul><li>Przytulanka na dobry humor i odwag\u0119!<\/li><li>Pantofle (podpisane w \u015brodku).<\/li><li>Dodatkowe ubranka i bielizna na zmian\u0119.<\/li><li>Pampersy, mokre chusteczki.<\/li><li>Szczoteczka i pasta do z\u0119b\u00f3w (podpisane).<\/li><li>Poduszka, po\u015bciel lub kocyk w poszewce, prze\u015bcierad\u0142o z gumk\u0105 \u2013 podpisane<br>(wymiary le\u017caczka 70 cm\/140 cm).<\/li><li>Pi\u017camka.<\/li><li>Nakrycie g\u0142owy stosowne do pory roku.<\/li><li>Krem przeciws\u0142oneczny.<\/li><\/ul>\n\n\n\n<p><\/p>\n","protected":false},"excerpt":{"rendered":"<p>Zasady rekrutacji Przedszkole przeprowadza rekrutacj\u0119 w oparciu o zasad\u0119 powszechnej dost\u0119pno\u015bci. O przyj\u0119ciu do przedszkola decyduje kolejno\u015b\u0107 z\u0142o\u017conych KART ZG\u0141OSZE\u0143,kt\u00f3re mo\u017cna pobra\u0107 w poni\u017cszym za\u0142\u0105czniku lub osobi\u015bcie w przedszkolu. Podstaw\u0105 przyj\u0119cia dziecka do przedszkola jest uko\u0144czone 2,5 lat, podpisanie umowy &hellip; <\/p>\n","protected":false},"author":1,"featured_media":0,"parent":1626,"menu_order":0,"comment_status":"closed","ping_status":"closed","template":"","meta":{"_mi_skip_tracking":false},"_links":{"self":[{"href":"https:\/\/majaigucio.pl\/index.php\/wp-json\/wp\/v2\/pages\/1660"}],"collection":[{"href":"https:\/\/majaigucio.pl\/index.php\/wp-json\/wp\/v2\/pages"}],"about":[{"href":"https:\/\/majaigucio.pl\/index.php\/wp-json\/wp\/v2\/types\/page"}],"author":[{"embeddable":true,"href":"https:\/\/majaigucio.pl\/index.php\/wp-json\/wp\/v2\/users\/1"}],"replies":[{"embeddable":true,"href":"https:\/\/majaigucio.pl\/index.php\/wp-json\/wp\/v2\/comments?post=1660"}],"version-history":[{"count":7,"href":"https:\/\/majaigucio.pl\/index.php\/wp-json\/wp\/v2\/pages\/1660\/revisions"}],"predecessor-version":[{"id":1906,"href":"https:\/\/majaigucio.pl\/index.php\/wp-json\/wp\/v2\/pages\/1660\/revisions\/1906"}],"up":[{"embeddable":true,"href":"https:\/\/majaigucio.pl\/index.php\/wp-json\/wp\/v2\/pages\/1626"}],"wp:attachment":[{"href":"https:\/\/majaigucio.pl\/index.php\/wp-json\/wp\/v2\/media?parent=1660"}],"curies":[{"name":"wp","href":"https:\/\/api.w.org\/{rel}","templated":true}]}}

<h3>Zasady rekrutacji</h3>



<ol><li>Przedszkole przeprowadza rekrutację w oparciu o zasadę powszechnej dostępności.</li><li>O przyjęciu do przedszkola decyduje kolejność złożonych <strong>KART ZGŁOSZEŃ,</strong><br>które można pobrać w poniższym załączniku lub osobiście w przedszkolu.</li><li>Podstawą przyjęcia dziecka do przedszkola jest ukończone 2,5 lat, podpisanie umowy <br>o przeprowadzenie nauczania dziecka i wpłata wpisowego.</li><li>Dzieci mogą być przyjmowane w ciągu roku szkolnego, jeżeli przedszkole dysponuje wolnymi miejscami.</li></ol>



<div class="wp-block-file"><a id="wp-block-file--media-9d31a46e-5323-443e-97fe-35d584a66251" href="http://majaigucio.pl/wp-content/uploads/2023/02/Karta-zgloszenia-dziecka-do-przedszkola-Mieczykowa-30.doc">Karta-zgloszenia-dziecka-do-przedszkola-Mieczykowa-30</a></div>



<h3>Wyprawka przedszkolaka:</h3>



<ul><li>Przytulanka na dobry humor i odwagę!</li><li>Pantofle (podpisane w środku).</li><li>Dodatkowe ubranka i bielizna na zmianę.</li><li>Pampersy, mokre chusteczki.</li><li>Szczoteczka i pasta do zębów (podpisane).</li><li>Poduszka, pościel lub kocyk w poszewce, prześcieradło z gumką – podpisane<br>(wymiary leżaczka 70 cm/140 cm).</li><li>Piżamka.</li><li>Nakrycie głowy stosowne do pory roku.</li><li>Krem przeciwsłoneczny.</li></ul>



<p></p>

<p>Zasady rekrutacji Przedszkole przeprowadza rekrutację w oparciu o zasadę powszechnej dostępności. O przyjęciu do przedszkola decyduje kolejność złożonych KART ZGŁOSZEŃ,które można pobrać w poniższym załączniku lub osobiście w przedszkolu. Podstawą przyjęcia dziecka do przedszkola jest ukończone 2,5 lat, podpisanie umowy &hellip; </p>
