{"id":1579,"date":"2020-04-19T19:37:38","date_gmt":"2020-04-19T17:37:38","guid":{"rendered":"http:\/\/majaigucio.pl\/?page_id=1579"},"modified":"2026-02-04T20:26:34","modified_gmt":"2026-02-04T19:26:34","slug":"o-nas","status":"publish","type":"page","link":"https:\/\/majaigucio.pl\/index.php\/o-nas\/","title":{"rendered":"O nas"},"content":{"rendered":"\n<figure class=\"wp-block-image size-large\"><img loading=\"lazy\" width=\"1024\" height=\"576\" src=\"http:\/\/majaigucio.pl\/wp-content\/uploads\/2024\/09\/10-DSC09331-1024x576.jpg\" alt=\"\" class=\"wp-image-1803\" srcset=\"https:\/\/majaigucio.pl\/wp-content\/uploads\/2024\/09\/10-DSC09331-1024x576.jpg 1024w, https:\/\/majaigucio.pl\/wp-content\/uploads\/2024\/09\/10-DSC09331-300x169.jpg 300w, https:\/\/majaigucio.pl\/wp-content\/uploads\/2024\/09\/10-DSC09331-768x432.jpg 768w, https:\/\/majaigucio.pl\/wp-content\/uploads\/2024\/09\/10-DSC09331-1536x864.jpg 1536w, https:\/\/majaigucio.pl\/wp-content\/uploads\/2024\/09\/10-DSC09331-2048x1153.jpg 2048w\" sizes=\"(max-width: 1024px) 100vw, 1024px\" \/><\/figure>\n\n\n\n<h3><strong>Niepubliczne Przedszkole Rekreacyjno &#8211; Sportowe&nbsp;<\/strong><strong>Maja i Gucio<\/strong><\/h3>\n\n\n\n<p>CZYNNE OD PONIEDZIA\u0141KU DO PI\u0104TKU<br>W GODZINACH OD 6.30 DO 17.30<\/p>\n\n\n\n<p><strong>Misj\u0105 przedszkola jest kszta\u0142towanie umys\u0142u i serca dziecka tak,<br>aby sta\u0142o si\u0119 ono dobrym i tw\u00f3rczym cz\u0142owiekiem.<br><\/strong><br><strong>Wychowujemy<\/strong>, czyli pomagamy poszukiwa\u0107 i odkrywa\u0107 warto\u015bci.<br><strong>Uczymy<\/strong>, czyli rozwijamy r\u00f3\u017cne umiej\u0119tno\u015bci i odkrywamy przed dzieckiem \u015bwiat.<br><strong>Dbam<\/strong>y o radosne i szcz\u0119\u015bliwe dzieci\u0144stwo.<\/p>\n\n\n\n<p>Przedszkole realizuje cele i zadania okre\u015blone w podstawie programowej wychowania przedszkolnego zatwierdzonej przez MEN.<br>Podczas wszystkich zaj\u0119\u0107 zapewniamy troskliw\u0105 i fachow\u0105 opiek\u0119 nauczycieli.<br>Rodzice i dzieci mog\u0105 liczy\u0107 na sta\u0142e wsparcie specjalist\u00f3w zatrudnionych w przedszkolu: psychologa, pedagoga specjalnego i logopedy.<br>Zaj\u0119cia dydaktyczne prowadzone s\u0105 nowoczesnymi aktywnymi metodami, uwzgl\u0119dniaj\u0105ce indywidualne zdolno\u015bci dzieci.<br>W ci\u0105gu dnia dzieci otrzymuj\u0105 smaczne posi\u0142ki przywo\u017cone przez firm\u0119 cateringow\u0105.<\/p>\n\n\n\n<p><strong>W cenie czesnego proponujemy szeroki pakiet zaj\u0119\u0107 dodatkowych<\/strong>:<\/p>\n\n\n\n<ul><li>atrakcyjn\u0105 i efektywn\u0105 form\u0119 nauki j\u0119zyka angielskiego<\/li><li>zaj\u0119cia ze specjalistami<\/li><li>warsztaty prowadzone przez specjalist\u00f3w z danej dziedziny ( biologiczne, fizyczne, chemiczne, przyrodnicze, ceramiczne, plastyczne) pobudzaj\u0105ce wyobra\u017ani\u0119 i wyzwalaj\u0105ce aktywno\u015b\u0107 tw\u00f3rcz\u0105, wykorzystuj\u0105ce naturaln\u0105 ciekawo\u015b\u0107 dziecka do eksperymentowania i odkrywania<\/li><li>gimnastyk\u0119 korekcyjn\u0105<\/li><li>zaj\u0119cia Ma\u0142y karateka\/ judo<\/li><li>zaj\u0119cia taneczne<\/li><li>&nbsp;rytmik\u0119<\/li><li>&nbsp;szachy<\/li><li>robotyk\u0119<\/li><li>pi\u0142k\u0119 no\u017cn\u0105<\/li><li>zaj\u0119cia logopedyczne i logorytmiczne<\/li><li>zaj\u0119cia sensoryczne<\/li><li>warsztaty kulinarne<\/li><li>bajkoterapi\u0119<\/li><li>religi\u0119<\/li><li>teatrzyki, koncerty, spotkania z ciekawymi lud\u017ami<\/li><\/ul>\n\n\n\n<p><strong>NASZ PLAN DNIA<\/strong><\/p>\n\n\n\n<p>06:30 &#8211; 08:15 Oczekiwanie na dzieci, zabawy i gry zespo\u0142owe wed\u0142ug indywidualnych potrzeb maluszk\u00f3w.<br>08:15 &#8211; 09:00, Przygotowanie do \u015bniadania, \u015aniadanie.<br>09:00 &#8211; 10:30 Zaj\u0119cia dydaktyczne prowadzone w grupach czas zaj\u0119\u0107 dostosowany do grupy wiekowej.<br>10:30 &#8211; 10:45 Drugie \u015bniadanie \u2013 witaminki dla ch\u0142opczyka i dziewczynki.<br>10:45 &#8211; 12:15 Zaj\u0119cia dodatkowe, zabawy swobodne, spacer.<br>12:15 &#8211; 13;00 Przygotowanie do obiadu, Obiad.<br>13:00 \u2013 14:00 Odpoczynek po obiedzie, czytanie bajek, s\u0142uchanie muzyki&nbsp; relaksacyjnej.<br>dla maluszk\u00f3w -le\u017cakowanie.<br>14:00 &#8211; 14:30 Kontynuacja zaj\u0119\u0107 dydaktycznych, zabawy swobodne zgodnie z zainteresowaniami dzieci<br>15:15- 15.30 Podwieczorek.<br>15.30 &#8211; 17:30 Zabawy i gry sportowe, zabawy plastyczne i muzyczne, zabawy swobodne.<\/p>\n","protected":false},"excerpt":{"rendered":"<p>Niepubliczne Przedszkole Rekreacyjno &#8211; Sportowe&nbsp;Maja i Gucio CZYNNE OD PONIEDZIA\u0141KU DO PI\u0104TKUW GODZINACH OD 6.30 DO 17.30 Misj\u0105 przedszkola jest kszta\u0142towanie umys\u0142u i serca dziecka tak,aby sta\u0142o si\u0119 ono dobrym i tw\u00f3rczym cz\u0142owiekiem.Wychowujemy, czyli pomagamy poszukiwa\u0107 i odkrywa\u0107 warto\u015bci.Uczymy, czyli &hellip; <\/p>\n","protected":false},"author":1,"featured_media":0,"parent":0,"menu_order":0,"comment_status":"closed","ping_status":"closed","template":"","meta":{"_mi_skip_tracking":false},"_links":{"self":[{"href":"https:\/\/majaigucio.pl\/index.php\/wp-json\/wp\/v2\/pages\/1579"}],"collection":[{"href":"https:\/\/majaigucio.pl\/index.php\/wp-json\/wp\/v2\/pages"}],"about":[{"href":"https:\/\/majaigucio.pl\/index.php\/wp-json\/wp\/v2\/types\/page"}],"author":[{"embeddable":true,"href":"https:\/\/majaigucio.pl\/index.php\/wp-json\/wp\/v2\/users\/1"}],"replies":[{"embeddable":true,"href":"https:\/\/majaigucio.pl\/index.php\/wp-json\/wp\/v2\/comments?post=1579"}],"version-history":[{"count":15,"href":"https:\/\/majaigucio.pl\/index.php\/wp-json\/wp\/v2\/pages\/1579\/revisions"}],"predecessor-version":[{"id":1946,"href":"https:\/\/majaigucio.pl\/index.php\/wp-json\/wp\/v2\/pages\/1579\/revisions\/1946"}],"wp:attachment":[{"href":"https:\/\/majaigucio.pl\/index.php\/wp-json\/wp\/v2\/media?parent=1579"}],"curies":[{"name":"wp","href":"https:\/\/api.w.org\/{rel}","templated":true}]}}

<figure class="wp-block-image size-large"><img loading="lazy" width="1024" height="576" src="http://majaigucio.pl/wp-content/uploads/2024/09/10-DSC09331-1024x576.jpg" alt="" class="wp-image-1803" srcset="https://majaigucio.pl/wp-content/uploads/2024/09/10-DSC09331-1024x576.jpg 1024w, https://majaigucio.pl/wp-content/uploads/2024/09/10-DSC09331-300x169.jpg 300w, https://majaigucio.pl/wp-content/uploads/2024/09/10-DSC09331-768x432.jpg 768w, https://majaigucio.pl/wp-content/uploads/2024/09/10-DSC09331-1536x864.jpg 1536w, https://majaigucio.pl/wp-content/uploads/2024/09/10-DSC09331-2048x1153.jpg 2048w" sizes="(max-width: 1024px) 100vw, 1024px" /></figure>



<h3><strong>Niepubliczne Przedszkole Rekreacyjno &#8211; Sportowe&nbsp;</strong><strong>Maja i Gucio</strong></h3>



<p>CZYNNE OD PONIEDZIAŁKU DO PIĄTKU<br>W GODZINACH OD 6.30 DO 17.30</p>



<p><strong>Misją przedszkola jest kształtowanie umysłu i serca dziecka tak,<br>aby stało się ono dobrym i twórczym człowiekiem.<br></strong><br><strong>Wychowujemy</strong>, czyli pomagamy poszukiwać i odkrywać wartości.<br><strong>Uczymy</strong>, czyli rozwijamy różne umiejętności i odkrywamy przed dzieckiem świat.<br><strong>Dbam</strong>y o radosne i szczęśliwe dzieciństwo.</p>



<p>Przedszkole realizuje cele i zadania określone w podstawie programowej wychowania przedszkolnego zatwierdzonej przez MEN.<br>Podczas wszystkich zajęć zapewniamy troskliwą i fachową opiekę nauczycieli.<br>Rodzice i dzieci mogą liczyć na stałe wsparcie specjalistów zatrudnionych w przedszkolu: psychologa, pedagoga specjalnego i logopedy.<br>Zajęcia dydaktyczne prowadzone są nowoczesnymi aktywnymi metodami, uwzględniające indywidualne zdolności dzieci.<br>W ciągu dnia dzieci otrzymują smaczne posiłki przywożone przez firmę cateringową.</p>



<p><strong>W cenie czesnego proponujemy szeroki pakiet zajęć dodatkowych</strong>:</p>



<ul><li>atrakcyjną i efektywną formę nauki języka angielskiego</li><li>zajęcia ze specjalistami</li><li>warsztaty prowadzone przez specjalistów z danej dziedziny ( biologiczne, fizyczne, chemiczne, przyrodnicze, ceramiczne, plastyczne) pobudzające wyobraźnię i wyzwalające aktywność twórczą, wykorzystujące naturalną ciekawość dziecka do eksperymentowania i odkrywania</li><li>gimnastykę korekcyjną</li><li>zajęcia Mały karateka/ judo</li><li>zajęcia taneczne</li><li>&nbsp;rytmikę</li><li>&nbsp;szachy</li><li>robotykę</li><li>piłkę nożną</li><li>zajęcia logopedyczne i logorytmiczne</li><li>zajęcia sensoryczne</li><li>warsztaty kulinarne</li><li>bajkoterapię</li><li>religię</li><li>teatrzyki, koncerty, spotkania z ciekawymi ludźmi</li></ul>



<p><strong>NASZ PLAN DNIA</strong></p>



<p>06:30 &#8211; 08:15 Oczekiwanie na dzieci, zabawy i gry zespołowe według indywidualnych potrzeb maluszków.<br>08:15 &#8211; 09:00, Przygotowanie do śniadania, Śniadanie.<br>09:00 &#8211; 10:30 Zajęcia dydaktyczne prowadzone w grupach czas zajęć dostosowany do grupy wiekowej.<br>10:30 &#8211; 10:45 Drugie śniadanie – witaminki dla chłopczyka i dziewczynki.<br>10:45 &#8211; 12:15 Zajęcia dodatkowe, zabawy swobodne, spacer.<br>12:15 &#8211; 13;00 Przygotowanie do obiadu, Obiad.<br>13:00 – 14:00 Odpoczynek po obiedzie, czytanie bajek, słuchanie muzyki&nbsp; relaksacyjnej.<br>dla maluszków -leżakowanie.<br>14:00 &#8211; 14:30 Kontynuacja zajęć dydaktycznych, zabawy swobodne zgodnie z zainteresowaniami dzieci<br>15:15- 15.30 Podwieczorek.<br>15.30 &#8211; 17:30 Zabawy i gry sportowe, zabawy plastyczne i muzyczne, zabawy swobodne.</p>

<p>Niepubliczne Przedszkole Rekreacyjno &#8211; Sportowe&nbsp;Maja i Gucio CZYNNE OD PONIEDZIAŁKU DO PIĄTKUW GODZINACH OD 6.30 DO 17.30 Misją przedszkola jest kształtowanie umysłu i serca dziecka tak,aby stało się ono dobrym i twórczym człowiekiem.Wychowujemy, czyli pomagamy poszukiwać i odkrywać wartości.Uczymy, czyli &hellip; </p>
