{"id":1011,"date":"2018-11-09T18:38:18","date_gmt":"2018-11-09T17:38:18","guid":{"rendered":"http:\/\/majaigucio.pl\/?page_id=1011"},"modified":"2026-02-02T22:27:32","modified_gmt":"2026-02-02T21:27:32","slug":"cennik-avia","status":"publish","type":"page","link":"https:\/\/majaigucio.pl\/index.php\/przedszkole-maja-i-gucio-2-os-avia-1\/cennik-avia\/","title":{"rendered":"Cennik Avia"},"content":{"rendered":"<p><strong>Op\u0142aty za przedszkole:<\/strong><\/p>\n<ol>\n<li><strong>Wpisowe<\/strong> &#8211; w dniu podpisania umowy prosimy o wp\u0142at\u0119 wpisowego w wysoko\u015bci<strong> 480 z<\/strong>\u0142 (czterysta osiemdziesi\u0105t z\u0142otych), kt\u00f3ra obejmuje grupowe ubezpieczenie dziecka na ca\u0142y rok (NNW), artyku\u0142y papiernicze i higieniczne oraz karty pracy\/podr\u0119cznik.<\/li>\n<li><strong>Czesne<\/strong> &#8211; w wysoko\u015bci<strong> 600 z\u0142.<\/strong> (sze\u015b\u0107set z\u0142otych) obejmuje wszystkie zaj\u0119cia dodatkowe odbywaj\u0105ce si\u0119 w przedszkolu. Opr\u00f3cz zaj\u0119\u0107 na basenie, wycieczek i wyj\u015b\u0107.<\/li>\n<li><strong>Op\u0142ata za ca\u0142odzienne wy\u017cywienie<\/strong> Dziecka w przedszkolu wynosi <strong>20,50 z\u0142; dieta &#8211; 21,00 z\u0142;<\/strong> <br \/>jest mo\u017cliwo\u015b\u0107 odliczenia posi\u0142k\u00f3w po wcze\u015bniejszym zg\u0142oszeniu nieobecno\u015bci dziecka.<\/li>\n<li>Zapisuj\u0105c drugie i kolejne dziecko do przedszkola otrzymujecie Pa\u0144stwo dla niego 10% zni\u017ck\u0119 czesnego.<\/li>\n<li><strong>Zapewniamy ka\u017cdemu dziecku <em>10 godzin bezp\u0142atnej adaptacji;<\/em><\/strong><\/li>\n<li><strong>W miesi\u0105cach lipiec i sierpie\u0144 zapewniamy opiek\u0119 wakacyjn\u0105 <\/strong>&#8211; czesne 180 z\u0142 \/ za tydzie\u0144.<\/li>\n<\/ol>\n\n\n<p><\/p>\n","protected":false},"excerpt":{"rendered":"<p>Op\u0142aty za przedszkole: Wpisowe &#8211; w dniu podpisania umowy prosimy o wp\u0142at\u0119 wpisowego w wysoko\u015bci 480 z\u0142 (czterysta osiemdziesi\u0105t z\u0142otych), kt\u00f3ra obejmuje grupowe ubezpieczenie dziecka na ca\u0142y rok (NNW), artyku\u0142y papiernicze i higieniczne oraz karty pracy\/podr\u0119cznik. Czesne &#8211; w wysoko\u015bci &hellip; <\/p>\n","protected":false},"author":1,"featured_media":0,"parent":1004,"menu_order":0,"comment_status":"closed","ping_status":"closed","template":"","meta":{"_mi_skip_tracking":false},"_links":{"self":[{"href":"https:\/\/majaigucio.pl\/index.php\/wp-json\/wp\/v2\/pages\/1011"}],"collection":[{"href":"https:\/\/majaigucio.pl\/index.php\/wp-json\/wp\/v2\/pages"}],"about":[{"href":"https:\/\/majaigucio.pl\/index.php\/wp-json\/wp\/v2\/types\/page"}],"author":[{"embeddable":true,"href":"https:\/\/majaigucio.pl\/index.php\/wp-json\/wp\/v2\/users\/1"}],"replies":[{"embeddable":true,"href":"https:\/\/majaigucio.pl\/index.php\/wp-json\/wp\/v2\/comments?post=1011"}],"version-history":[{"count":27,"href":"https:\/\/majaigucio.pl\/index.php\/wp-json\/wp\/v2\/pages\/1011\/revisions"}],"predecessor-version":[{"id":1939,"href":"https:\/\/majaigucio.pl\/index.php\/wp-json\/wp\/v2\/pages\/1011\/revisions\/1939"}],"up":[{"embeddable":true,"href":"https:\/\/majaigucio.pl\/index.php\/wp-json\/wp\/v2\/pages\/1004"}],"wp:attachment":[{"href":"https:\/\/majaigucio.pl\/index.php\/wp-json\/wp\/v2\/media?parent=1011"}],"curies":[{"name":"wp","href":"https:\/\/api.w.org\/{rel}","templated":true}]}}

<p><strong>Opłaty za przedszkole:</strong></p>
<ol>
<li><strong>Wpisowe</strong> &#8211; w dniu podpisania umowy prosimy o wpłatę wpisowego w wysokości<strong> 480 z</strong>ł (czterysta osiemdziesiąt złotych), która obejmuje grupowe ubezpieczenie dziecka na cały rok (NNW), artykuły papiernicze i higieniczne oraz karty pracy/podręcznik.</li>
<li><strong>Czesne</strong> &#8211; w wysokości<strong> 600 zł.</strong> (sześćset złotych) obejmuje wszystkie zajęcia dodatkowe odbywające się w przedszkolu. Oprócz zajęć na basenie, wycieczek i wyjść.</li>
<li><strong>Opłata za całodzienne wyżywienie</strong> Dziecka w przedszkolu wynosi <strong>20,50 zł; dieta &#8211; 21,00 zł;</strong> <br />jest możliwość odliczenia posiłków po wcześniejszym zgłoszeniu nieobecności dziecka.</li>
<li>Zapisując drugie i kolejne dziecko do przedszkola otrzymujecie Państwo dla niego 10% zniżkę czesnego.</li>
<li><strong>Zapewniamy każdemu dziecku <em>10 godzin bezpłatnej adaptacji;</em></strong></li>
<li><strong>W miesiącach lipiec i sierpień zapewniamy opiekę wakacyjną </strong>&#8211; czesne 180 zł / za tydzień.</li>
</ol>


<p></p>

<p>Opłaty za przedszkole: Wpisowe &#8211; w dniu podpisania umowy prosimy o wpłatę wpisowego w wysokości 480 zł (czterysta osiemdziesiąt złotych), która obejmuje grupowe ubezpieczenie dziecka na cały rok (NNW), artykuły papiernicze i higieniczne oraz karty pracy/podręcznik. Czesne &#8211; w wysokości &hellip; </p>
