{"id":1654,"date":"2022-05-02T22:10:36","date_gmt":"2022-05-02T20:10:36","guid":{"rendered":"https:\/\/majaigucio.pl\/?page_id=1654"},"modified":"2026-02-02T22:25:26","modified_gmt":"2026-02-02T21:25:26","slug":"cennik-mieczykowa","status":"publish","type":"page","link":"http:\/\/majaigucio.pl\/index.php\/mieczykowa\/cennik-mieczykowa\/","title":{"rendered":"Cennik Mieczykowa"},"content":{"rendered":"\n<p><strong>Op\u0142aty za przedszkole:<\/strong><\/p>\n\n\n\n<ol><li><strong>Wpisowe<\/strong> &#8211; W dniu podpisania umowy prosimy o wp\u0142at\u0119 wpisowego w wysoko\u015bci <strong>480 z\u0142 \u00a0(<\/strong>czterysta osiemdziesi\u0105t z\u0142otych), kt\u00f3re obejmuje grupowe ubezpieczenie dziecka na ca\u0142y rok (NNW), artyku\u0142y papiernicze i higieniczne oraz karty pracy\/podr\u0119cznik.<\/li><li><strong>Czesne<\/strong> <strong>\u2013 600 z\u0142<\/strong> ( sze\u015b\u0107set z\u0142otych) obejmuje wszystkie zaj\u0119cia dodatkowe odbywaj\u0105ce si\u0119 <br>w przedszkolu, opr\u00f3cz zaj\u0119\u0107 na basenie, wyj\u015b\u0107 i wycieczek.<\/li><li>Zapisuj\u0105c drugie dziecko otrzymujecie Pa\u0144stwo dla niego 10% zni\u017ck\u0119<\/li><li>Istnieje mo\u017cliwo\u015b\u0107 zapisania dziecka na kr\u00f3tszy pobyt w przedszkolu \u2013 <strong>5 godzin \/ czesne 450 z\u0142 <\/strong>(s\u0142ownie czterysta pi\u0119\u0107dziesi\u0105t z\u0142otych) po uzgodnieniu szczeg\u00f3\u0142\u00f3w z dyrektorem przedszkola.<\/li><li>Zapisuj\u0105c drugie dziecko na 5 godzinn\u0105 opiek\u0119 otrzymujecie Pa\u0144stwo dla niego 10% zni\u017ck\u0119 czesnego.<\/li><li><strong>Dzienna stawka \u017cywieniowa<\/strong> \u2013 <strong>21,50 z\u0142 <\/strong>(mo\u017cliwo\u015b\u0107 odliczenia\u00a0po wcze\u015bniejszym zg\u0142oszeniu nieobecno\u015bci dziecka).<\/li><li><strong>Zapewniamy ka\u017cdemu dziecku <em>10 godzin bezp\u0142atnej adaptacji;<\/em><\/strong><\/li><li><strong>Opieka wakacyjna<\/strong> \u2013 czesne 180 z\u0142 \/ za tydzie\u0144<\/li><\/ol>\n\n\n\n<p><\/p>\n","protected":false},"excerpt":{"rendered":"<p>Op\u0142aty za przedszkole: Wpisowe &#8211; W dniu podpisania umowy prosimy o wp\u0142at\u0119 wpisowego w wysoko\u015bci 480 z\u0142 \u00a0(czterysta osiemdziesi\u0105t z\u0142otych), kt\u00f3re obejmuje grupowe ubezpieczenie dziecka na ca\u0142y rok (NNW), artyku\u0142y papiernicze i higieniczne oraz karty pracy\/podr\u0119cznik. Czesne \u2013 600 z\u0142 &hellip; <\/p>\n","protected":false},"author":1,"featured_media":0,"parent":1626,"menu_order":0,"comment_status":"closed","ping_status":"closed","template":"","meta":{"_mi_skip_tracking":false},"_links":{"self":[{"href":"http:\/\/majaigucio.pl\/index.php\/wp-json\/wp\/v2\/pages\/1654"}],"collection":[{"href":"http:\/\/majaigucio.pl\/index.php\/wp-json\/wp\/v2\/pages"}],"about":[{"href":"http:\/\/majaigucio.pl\/index.php\/wp-json\/wp\/v2\/types\/page"}],"author":[{"embeddable":true,"href":"http:\/\/majaigucio.pl\/index.php\/wp-json\/wp\/v2\/users\/1"}],"replies":[{"embeddable":true,"href":"http:\/\/majaigucio.pl\/index.php\/wp-json\/wp\/v2\/comments?post=1654"}],"version-history":[{"count":8,"href":"http:\/\/majaigucio.pl\/index.php\/wp-json\/wp\/v2\/pages\/1654\/revisions"}],"predecessor-version":[{"id":1938,"href":"http:\/\/majaigucio.pl\/index.php\/wp-json\/wp\/v2\/pages\/1654\/revisions\/1938"}],"up":[{"embeddable":true,"href":"http:\/\/majaigucio.pl\/index.php\/wp-json\/wp\/v2\/pages\/1626"}],"wp:attachment":[{"href":"http:\/\/majaigucio.pl\/index.php\/wp-json\/wp\/v2\/media?parent=1654"}],"curies":[{"name":"wp","href":"https:\/\/api.w.org\/{rel}","templated":true}]}}